2, 3
Let n = -26 - -31. List the prime factors of n.
5
Let s(q) = 2*q - 3. Let i be 91/14 - (-2)/4. Let z be s(i). What are the prime factors of (0 - z)*(-2 + 1)?
11
Let t(u) = 24*u + 1. Let b be t(5). Suppose -5*s - 46 = -b. What are the prime factors of s*1 - (3 + -2)?
2, 7
What are the prime factors of (-285)/6*8/(-5)?
2, 19
Let j = 39 - 14. List the prime factors of j.
5
Suppose 5*c - 77 = -3*p, 3*p - 67 = -c + 18. What are the prime factors of p?
29
Suppose 15 = 4*g + g. Suppose z = -5*p + 11, 3*z + g - 6 = 0. What are the prime factors of p?
2
Suppose -o + 2*j = 2*o + 46, -5*o = -3*j + 77. List the prime factors of (o/5)/((-2)/20).
2
Let d(f) = f - 6. Let g be d(9). Suppose g*n - n - 6 = 0. What are the prime factors of n?
3
Let k = -6 + 4. Let p be k/3 + 190/6. Suppose -p = -3*x + 5. What are the prime factors of x?
2, 3
Let u = -182 - -344. What are the prime factors of u?
2, 3
Let f = -65 + 131. List the prime factors of f.
2, 3, 11
Suppose 4*b + y = 114, -b + 4*y + 19 + 18 = 0. List the prime factors of b.
29
Let v(j) = j**3 + 7*j**2 + 7*j - 1. Let m be v(-6). Let n(i) be the first derivative of -i**4/4 - 8*i**3/3 - 4*i**2 + 8*i - 1. List the prime factors of n(m).
3, 5
Let w be (-1)/2*(-4 + -2). Suppose -w*z = -5*z + 42. List the prime factors of z.
3, 7
Suppose -4*f = -4*n - 148, 0*n + 133 = 4*f + n. List the prime factors of f.
2, 17
Let d = 1 + 1. What are the prime factors of d + -4 - (-30)/2?
13
Suppose 0 = 3*t - 5*t + 6, -2*m = -2*t - 102. List the prime factors of m.
2, 3
Suppose -h + 3*a + 16 = -0*a, h + a = 0. Suppose 16 + 168 = h*l. What are the prime factors of l?
2, 23
Let y be (1*-2)/(8/(-20)). Suppose 4*h + 10 + 10 = 4*u, -h - y = u. Suppose u = t, q - t - 9 = 7. What are the prime factors of q?
2
Let o(m) = 2 - 2 - 3 + 8*m + 1. What are the prime factors of o(2)?
2, 7
Let c(p) = -p**3 + 9*p**2 + 6*p + 14. List the prime factors of c(8).
2, 3, 7
Let n = 58 + 41. What are the prime factors of n?
3, 11
Let m(i) = -i + 9. Let l be m(0). Let x(t) = 2*t**2 + 5*t - 4. Let s(q) = 3*q**2 + 4*q - 3. Let h(y) = 3*s(y) - 4*x(y). List the prime factors of h(l).
2
What are the prime factors of (-5)/(-7) - 1 - 41296/(-623)?
2, 3, 11
Let o(s) = -s**3 - 9*s**2 + s + 12. Let f be o(-9). Suppose f*g - 4*g - 4*m = 15, 33 = -2*g - 5*m. What are the prime factors of 3/(-6) - g/2?
3
Suppose 0 = -5*o + m + 150 + 125, 4*m - 220 = -4*o. List the prime factors of o.
5, 11
Let b(d) = -d**2 - 9 - 6*d + 2*d - 8*d. What are the prime factors of b(-8)?
23
Let c(z) = -8*z - 34. List the prime factors of c(-15).
2, 43
Let r be -3 - (-10 - 2/2). Suppose 2*i + r = 0, -5*x = -2*x + i - 56. What are the prime factors of x?
2, 5
Let o(q) = -q**2 - 4*q + 4. Let p be o(-4). Suppose -3*m = -p*m + 33. List the prime factors of m.
3, 11
Suppose -3*u + s + 0*s + 17 = 0, -4*u - 2*s + 16 = 0. What are the prime factors of u?
5
Suppose -4*h - 68 = 2*p, -p - 2*p - 57 = 3*h. Let s = -11 - h. What are the prime factors of s?
2
Suppose -14*r + 11*r = -534. List the prime factors of r.
2, 89
Suppose 3*i - 8*i + 3*v = 5, 3*v = -i + 17. Suppose u = z - 1 - 1, -8 = -i*u - 4*z. List the prime factors of -3 - (u + 20/(-1)).
17
Suppose 0 = -4*h + 4*b - 0*b + 176, 2*h + 4*b - 94 = 0. What are the prime factors of h?
3, 5
Let p(x) = -x**3 + 6*x**2 - 5*x + 5. Let a be p(5). Suppose -4*m = a*s - 11, -12 = m + 4*s - 1. What are the prime factors of m?
3
Let d be 1/((-2)/(-114)) - 2. Let l = -17 + d. What are the prime factors of l/5 - (-2)/5?
2
Let a(v) = -v**2 + v - 56. Let m be a(0). What are the prime factors of (1/2)/((-7)/m)?
2
Suppose -w = -11 + 9. Suppose 2*i = -j + 39, -4*j - 49 = -w*i - 255. Let m = j - 27. List the prime factors of m.
2, 11
Let r(q) = -4*q - 4. Let k(t) = 4*t + 7 + 5 + 7*t. Let u(h) = 3*k(h) + 8*r(h). What are the prime factors of u(3)?
7
Suppose 3*y + 4 - 1 = 0. What are the prime factors of y/4 + 154/8?
19
Let d = 2 - 0. Suppose -y + d*y - 25 = 0. What are the prime factors of y?
5
Let q(i) = 9*i + 11. Let v(k) = 22*k + 28. Let p(r) = 12*q(r) - 5*v(r). What are the prime factors of p(-13)?
2, 3
Let r(m) = m**3 - m**2 - m + 1. Let d be r(2). Suppose 29 - 98 = -d*n. What are the prime factors of n?
23
Suppose 4*t - 49 + 17 = 0. Let x = -16 + 22. Let v = t - x. What are the prime factors of v?
2
Suppose r + 33 = 3*o + 254, 0 = -3*r - 5*o + 621. List the prime factors of r.
2, 53
Let r(v) = 0*v**2 - 6 - 6*v + 2*v**2 - 3*v**2. List the prime factors of r(-4).
2
Suppose z + 25 = 76. List the prime factors of z.
3, 17
Let y be (9 - (3 + -1)) + -2. Suppose 25 = y*n - 0*n. Suppose -4*s + 0 + 4 = 0, -n*s = -3*c + 28. What are the prime factors of c?
11
Let x(v) = -v + 10. List the prime factors of x(-4).
2, 7
Suppose 133 = 3*d - 53. What are the prime factors of d?
2, 31
Let v(a) = 3*a**3 + a**2 - 8*a + 5. List the prime factors of v(3).
71
Let j(f) = f**3 - 5*f**2 - 6*f + 2. Let n be j(6). Suppose -10 = -k + 2*h, -n*k + 35 - 7 = 4*h. List the prime factors of k.
2, 3
Let o(y) = 5*y + 13. What are the prime factors of o(12)?
73
Let p(z) = z**2 + 2*z - 8. Let h be p(-6). Let q = 26 - h. Suppose -r - 1 = -q. What are the prime factors of r?
3
Suppose 0 = 3*p, -3*t + 0*t = -2*p - 753. What are the prime factors of t?
251
Let w = -8 - -40. Let u = -23 + w. List the prime factors of u.
3
Let v(t) = -17*t - 2. Let p(i) = -9*i - 1. Let l(y) = 11*p(y) - 6*v(y). What are the prime factors of l(5)?
2
What are the prime factors of ((-228)/(-15))/(2 + (-24)/15)?
2, 19
Suppose -4*b = 2*t - 100, 2*b - 95 = -2*t - b. What are the prime factors of t?
2, 5
Suppose 325 = 5*u - 2*z + 10, -u + 80 = 3*z. List the prime factors of u.
5, 13
Suppose m + o - 172 = -0*m, 0 = 4*o - 20. List the prime factors of m.
167
Let b(u) = -u**2 - 10*u - 5. Let h = -23 - -14. Let c be b(h). Suppose 5*r - 2*v = 68, c*r - 3*v = 67 - 7. What are the prime factors of r?
2, 3
Suppose 5*w - 188 - 62 = 0. Suppose -5*f + i + w = 0, 3*f + f = 4*i + 40. Suppose 12*z - 6 = f*z. What are the prime factors of z?
3
Suppose -230*l + 229*l = -206. What are the prime factors of l?
2, 103
Let j(x) = 32*x**2 - x + 1. What are the prime factors of j(1)?
2
Let z(a) = -3*a**2 - 3*a + 2. Let p(f) = 15*f**2 + 14*f - 9. Let h(o) = -2*p(o) - 11*z(o). List the prime factors of h(-4).
2, 3
Suppose 0 = -m + 3*m - 18. Suppose -5*i + 88 = -3*i. Suppose 6*f + 4*w = 2*f + i, 3*f - 3*w = m. What are the prime factors of f?
7
Suppose 0 = j + h - 84, -2*j + 147 = -5*h - 7. List the prime factors of j.
2, 41
Let x = 5 - 0. Suppose 0*w + 35 = 5*a - x*w, 0 = -4*w + 16. List the prime factors of a.
11
Suppose -v - 22 = 5*z - 67, 0 = 5*v. Suppose w + z - 18 = 0. What are the prime factors of w?
3
Let g = 2 - 0. Suppose -2*p + g = 5*a - 13, -2*a = -2*p - 6. What are the prime factors of (9 + a)*(-2)/(-4)?
2, 3
Suppose 0 - 4 = -d. Let m(f) = d*f - 2 + 2 - 2. List the prime factors of m(3).
2, 5
List the prime factors of 38 + -1*1/1.
37
Suppose 3*m + 4*n = -2*m + 35, 2*n - 25 = -5*m. Suppose 5*p - 14 = m*p. List the prime factors of p.
7
Suppose r - 5*d = -2*r + 361, 2*d = -5*r + 550. List the prime factors of r.
2, 7
Suppose 4*o = -26 + 2. Let v(h) = -7*h - 7. List the prime factors of v(o).
5, 7
Let y = -228 + 412. What are the prime factors of y?
2, 23
What are the prime factors of -3*(-3)/(-18)*-62?
31
Let v be (8 - -1)/(3/2). Suppose v*n = 2*n + 16. What are the prime factors of n?
2
Let o = -2 + 40. List the prime factors of o.
2, 19
Let s(n) be the first derivative of -n**2 + 2*n - 3. Let l be s(-9). Let q = -10 + l. What are the prime factors of q?
2, 5
Let w be (1 + -1)/(7 - 5). Suppose w = 5*o, -4*o - 40 = -n - 4*n. Suppose 5*v = 5*p + 60, -5*p + 10 + n = v. What are the prime factors of v?
13
List the prime factors of 282/4*1/(21/28).
2, 47
List the prime factors of -2*3/((-6)/41).
41
Suppose -6 + 15 = 3*q. Suppose 5 = -q*c + 5*p + 19, p = -2*c + 18. What are the prime factors of c?
2
Let v = 93 + -49. Let s = 88 - v. List the prime factors of s.
2, 11
Suppose 2*x = -5*p + 87, -2*p - 2*p - 96 = -3*x. What are the prime factors of x?
2, 3
Let l = 1 - -2. Suppose 0 = 3*g - 5*i - 46 - 3, -l*i + 75 = 4*g. Suppose -4*m + g = -m. List the prime factors of m.
2, 3
Suppose 3*s - 13 + 1 = 0. Suppose -b + 4*n + 4 - 14 = 0, 0 = -s*b + 2*